ime number?
True
Suppose 4*s - 4*v = s + 2079, -4*s = 2*v - 2750. Let g = s + 388. Is g prime?
False
Let c(m) = 3*m**2 - 17*m - 34. Let a be 18/27 + (-40)/(-3). Let q be c(a). Let n = 655 - q. Is n prime?
False
Let y(d) = -6*d**2 + 32*d + 67. Let h(f) = -3*f**2 + 16*f + 33. Let m(q) = -13*h(q) + 6*y(q). Is m(16) prime?
False
Suppose w - 3*c - 19907 = 0, -4*w + w + c = -59705. Is w a composite number?
True
Let y = 63998 + -31885. Is y prime?
False
Suppose -5*w + 25 = 0, -2*w + 6*w - 6176 = -4*g. Suppose -4*x - g = -12903. Let o = x - 1774. Is o a prime number?
False
Let k(r) = 18*r + 373 - 2*r - 371 - 2*r**2. Let x be k(8). Is (-1)/(x/8166*-3) a composite number?
False
Suppose 33291 = 66*c - 29343. Let s = c - 470. Is s a prime number?
True
Let h = 11202285 - 3162134. Is h composite?
True
Let o(p) be the third derivative of p**6/15 - p**5/60 + p**3/3 - 30*p**2. Let u be o(1). Is (-4 + 1)*(-627)/u composite?
True
Let m be -5 + (-301)/(-56) - (-2682)/16. Suppose -557 = -5*a + m. Is a composite?
True
Let f = 83085 - 53741. Let z = f + -19161. Is z prime?
False
Suppose 4*p = 3*m - 334719, -4*p + 5*p - 446311 = -4*m. Is m composite?
False
Let u = 65917 + 21190. Is u a composite number?
False
Suppose -12*k = -16*k + 12. Suppose -5*h + 7 = 2, -k*h - 416 = w. Let i = w - -1780. Is i prime?
True
Let g = -26659 - -42888. Let a = g - 8110. Is a prime?
False
Let w(z) = -84*z**3 - 6*z**2 - 19*z - 21. Is w(-6) prime?
False
Let i be (-2)/((3/(-70))/(-3)). Let t be (i/(-8))/(2/1384). Suppose t + 8455 = 9*v. Is v a prime number?
False
Suppose 0 = 2*o + c - 967467, -306*o - c - 483732 = -307*o. Is o prime?
True
Let x(n) = -5*n**3 + n**2 - n. Let b be x(1). Let p(t) = -2*t**2 - 7*t - 5. Let q be p(b). Is -4*((-12)/20 + 9223/q) a prime number?
True
Suppose 0 = -m + b + 387905, -320*b + 319*b - 1939549 = -5*m. Is m composite?
False
Suppose -5*w + 12360 = 4*p, 1474 = 3*w + 3*p - 5942. Let y = 1366 - w. Let a = y + 1623. Is a composite?
True
Let j(c) = 441*c - 103. Let y be j(2). Suppose 14*s - y - 187 = 0. Is s composite?
True
Let p be (492/(-21))/(4/(-14)). Let g = 26 + 5. Let b = g + p. Is b prime?
True
Let k(a) = -433004*a**3 + 20*a**2 + 23*a + 2. Is k(-1) prime?
True
Let t be (5 + 1 - 5)*3815. Let r = t + -1954. Is r composite?
False
Let l(v) = 91001*v + 1933. Is l(6) prime?
False
Suppose -3*n + 15696 = -3*q, -4*q = -3*n - 9*q + 15688. Suppose n = -7*o + 13288. Is o prime?
True
Is (-456292)/8*(-15 + 13) prime?
True
Let d = -4 - -9. Let y(f) = -3*f**2 + 0*f**2 + 5*f + d*f**3 - 2 + 5 - f. Is y(4) a prime number?
False
Let t(y) = 394*y**2 - 36*y - 421. Is t(-18) a prime number?
False
Let s(j) = 63*j + 2 + 659*j - 274*j + 476*j. Let g be s(20). Suppose 5478 - g = -4*o. Is o a prime number?
True
Let l be 1370/10 - ((1 - -1) + -4). Suppose -119 = -6*q + l. Is q prime?
True
Let c(p) be the second derivative of 29*p + 5*p**2 - 1/20*p**5 + 0 - 7/3*p**3 + 11/6*p**4. Is c(21) a composite number?
False
Let l(u) = u**3 - 6*u**2 - 3*u + 14. Let p be l(6). Let f be (2 + -1)*0*p/(-16). Suppose f = -11*m + 4*m + 3913. Is m a composite number?
True
Is 5/(60/16) + (-84956)/(-12) a composite number?
True
Suppose 5*v = -2*m + m + 80, 80 = m - v. Let s = -76 + m. Suppose -s*j = 3*k - 8*j - 1627, 5*j = -3*k + 1618. Is k prime?
True
Let g = 621736 + -291983. Is g composite?
True
Let z be 588/(-16)*2772/(-27). Let l = z - 1790. Is l prime?
False
Let n = 29174 + 79659. Is n a composite number?
True
Let z(q) = -q**3 - 8*q**2 - 6*q + 6. Let b be z(-7). Let l be (-2*(-3)/(-6))/(b/9293). Suppose -l = -4*i + 4*p - p, 2*p = -5*i + 11599. Is i a composite number?
True
Is 81499/1 - (-82 + 60) a prime number?
False
Let h = -259 + 263. Is 508*(-51)/(-48)*h prime?
False
Suppose 0*f - 1216 = -3*j - 4*f, -j + 408 = 4*f. Suppose -20*s + j = -18*s. Is s a composite number?
True
Suppose 3*k - n + 118794 = 0, 2*k - 2*n + 5*n + 79196 = 0. Is k/2*(-8 - (3 + -10)) prime?
False
Suppose 4*w = 5*h + 8877, 4*h - 4*w - 3133 = -10233. Let p = h + 4716. Is p prime?
True
Let l = -24943 - -73536. Is l composite?
False
Let m(t) = t + 7. Let f be m(-4). Suppose 0 = f*u + z + 364, -4*u = -3*z + z + 472. Let y = u - -373. Is y a prime number?
False
Suppose -3*q = 13*x - 18*x - 1752726, -3*q + 4*x = -1752723. Is q prime?
False
Let z(k) = 4*k - 24. Let w be z(7). Is 10890/w + (-135)/90 a composite number?
True
Let m = 133 - 123. Is 20/(-50) + 3894/m prime?
True
Let p = 50 - 46. Suppose p*k - 6553 = 5*b, 3*k + 4923 = 6*k - b. Is k a composite number?
True
Let c(k) = -2*k**2 - 24*k - 22. Let n be c(-11). Suppose -180 = -n*a - a - 5*q, -4*a - 3*q = -805. Is a composite?
True
Suppose 9*l = 2509 + 3935. Let r be l/10 + (0 - 12/(-30)). Suppose -4*w - 5 - r = -d, -25 = -5*w. Is d a composite number?
False
Suppose -y + 12 = 4*y + 2*m, -5*m = 5*y - 15. Suppose -d = 5*l - 14, -y*d = 2*d - 16. Suppose l*o - 6*o = q - 67, 3*o = 5*q - 335. Is q prime?
True
Let q be (-17)/68 + (-602)/(-8). Let k = q - 73. Suppose k*j + 817 = b - 220, -2*b - j = -2049. Is b composite?
True
Suppose 7*i + 245779 = 8*i - 3*d, 0 = -2*i + 3*d + 491540. Is i prime?
False
Suppose 649 = 9*m + 2*m. Let x = 59 - m. Is (-1)/(x - (-2)/(-1334)) composite?
True
Suppose 396*q - 339*q = 255018. Is q a composite number?
True
Let w be 23*((-4 + 16)/(-4) - -13). Let s = 311 + w. Is s a prime number?
True
Suppose -25*b + 45 = -80. Suppose 3*u - 49 = b*n - 1019, -2*n + 3*u + 388 = 0. Is n prime?
False
Let b(s) = 4*s**2 - 12*s + 14. Let v be b(5). Suppose 0 = 4*q - 13*q + v. Suppose -q*i + 5028 = 1530. Is i a prime number?
False
Let q = -16 - -11. Let b be (-3 + 22/10)*q. Suppose -6*v + 15110 = b*v. Is v a composite number?
False
Let r = -56687 - -262548. Is r composite?
True
Let i be (-9)/18 - (-771)/6. Let y = i - -279. Is y a prime number?
False
Suppose 176 = 8*i - 4*i. Let d = i - -435. Is d a prime number?
True
Suppose -102044 = -5*n - 4*i, 4*n + 5*i + 0*i = 81628. Let g = 29299 - n. Is g composite?
False
Let z be (-36)/270 - (-1 - 15744/(-45)). Let r = z - -1086. Is r a composite number?
True
Suppose 142433 = 5*n - 3*p, -5*n = 452*p - 449*p - 142457. Is n prime?
False
Suppose 458815 = 12*y - 164477. Is y prime?
True
Suppose 61*f - 58*f + 1243550 = 4*j, -3*j + 5*f + 932679 = 0. Is j a prime number?
True
Let q be 2*-1*(-510 + 1). Suppose 7*c + 25 = 74. Suppose c*m = q - 395. Is m a composite number?
False
Suppose 14539 = 3*h - 15122. Suppose 3*p + 4*a = -2*p + 24710, -h = -2*p - a. Is p composite?
True
Is (380/8 + (1 - (-10 - -5)))*106 prime?
False
Suppose -4*p = g - 1787, 4*g + 846*p - 7070 = 843*p. Is g a composite number?
True
Let k(o) = 393*o**2 + 89*o + 2723. Is k(-23) a composite number?
True
Suppose 0 = 6*y - 12 - 6. Suppose 0 = -3*z, -42748 = -6*l + 2*l + y*z. Is l composite?
False
Let f(t) = t**3 - 20*t**2 + 52*t + 10. Suppose 5*u - 336 = -11*u. Is f(u) a prime number?
True
Suppose -g - 4*c = 3*g + 7720, 0 = 3*c - 6. Let a be (0 + -2 + g)/(4/(-6)). Is (a/(-6))/(6/(-4) - -1) prime?
True
Let q = -649 - -2634. Suppose -q - 133 = 3*x. Let s = x + 2363. Is s composite?
False
Let x be (2 - 0)*(48 + -47). Let c(m) = 15*m**3 + m**2 + 2*m - 1. Is c(x) a prime number?
True
Let m(l) = 65*l**2 + 518*l + 288. Is m(-59) a composite number?
False
Is (-60)/210*(-7)/2 - (3 + -343711) a prime number?
True
Let j(q) = 28196*q**3 - 13*q**2 + 16*q + 10. Is j(3) prime?
False
Suppose c + 4*l + 50 = 6*l, -l + 223 = -5*c. Let g = c + 49. Suppose 3039 = 3*k - 2*w + 1026, -g*k + 3*w + 3354 = 0. Is k composite?
True
Let s(l) = 707*l**2 - 815*l - 13. Is s(11) composite?
True
Let i = 146041 + -77387. Is i prime?
False
Suppose -c + 3*m = 23, 5*c + 2*m + 31 = -16. Let z = c - -10. Is -2 - (z + (0 - 84)) prime?
True
Suppose 3*p + 0*f + f - 164246 = 0, 3*p - 164218 = -5*f. Is p composite?
False
Let d(q) = 256*q**2 - 26*q + 3551. Is d(-93) a prime number?
False
Suppose 0*l - 60292 = -4*b + l, 0 = b - 2*l - 15080. Let y = 31451 - b. Is y a composite number?
True
Is 96381 + -15 + 1 - 0 a composite number?
True
Suppose -h - 3*x - 130 = 59, 0 = -2*h + 4*x - 328. Let m = 2493 + h. Is m composite?
True
Let l = -403 - -87. Let y = l - -2099. Is y composite?
False
Let j = -38 + 38. Suppose -4*d = 4*a - 5168, -2*d + 0*d + a + 2599 = j. Is d composite?
False
Suppose -5*y = -v - 3096030, -17*y - 5*v + 1